001011
In base 4, what is 302 + -3301003320?
-3301003012
In base 10, what is 2736613 + 14?
2736627
In base 12, what is 121ab0 + 874?
122764
In base 5, what is -14 + 221311?
221242
In base 12, what is -14 + -985338?
-985350
In base 7, what is 1265141531 - 1?
1265141530
In base 5, what is 1242 + 1303014440?
1303021232
In base 6, what is -5 + -32110151?
-32110200
In base 12, what is b4b91b9 - -5?
b4b9202
In base 15, what is 3e - 101ba0?
-101b61
In base 13, what is -14 + 59c064?
59c050
In base 9, what is 367855640 + 0?
367855640
In base 10, what is -8103 + -15422?
-23525
In base 5, what is 2213020 + -4011?
2204004
In base 12, what is 179383bb + -5?
179383b6
In base 15, what is -7 + -1e14a5?
-1e14ac
In base 3, what is -10001102 - -1111210212?
1101202110
In base 8, what is -70 + -16471405?
-16471475
In base 15, what is -29a30 - 19c?
-29bcc
In base 12, what is 0 + 2ab9980?
2ab9980
In base 14, what is 30065896 - 4?
30065892
In base 14, what is -2 - -895d99?
895d97
In base 16, what is 1e5b56 + -20?
1e5b36
In base 10, what is 16 + -779363?
-779347
In base 4, what is -1312303301 - -1?
-1312303300
In base 7, what is -24463261 - 115?
-24463406
In base 6, what is 4 - -324153000?
324153004
In base 5, what is -42 - -340414440?
340414343
In base 14, what is -287b + 14044?
115a7
In base 2, what is -10110110010001010 - -1001111110101?
-10101100010010101
In base 6, what is 145131301 - 12?
145131245
In base 14, what is 7a5773 - 12?
7a5761
In base 11, what is a58 - -9836?
a793
In base 8, what is 17 + -5605157?
-5605140
In base 16, what is -2128d + -20a?
-21497
In base 3, what is 11211 - -21101112?
21120100
In base 14, what is -1b28 - -6c2c?
5104
In base 11, what is 1136191 - -2?
1136193
In base 15, what is 0 - 10eacb?
-10eacb
In base 3, what is 122222 - 1122001100?
-1121101101
In base 14, what is 2a646 - 31d?
2a327
In base 11, what is -34754 - 1852?
-364a6
In base 5, what is 103323404 - 204?
103323200
In base 4, what is -222230020 - 113213?
-223003233
In base 3, what is -22 + 21010012112220212?
21010012112220120
In base 9, what is -2607145 - -145?
-2607000
In base 7, what is -1 - -1304030560?
1304030556
In base 12, what is -324a14 + -3b?
-324a53
In base 7, what is -215 - -26241154?
26240636
In base 13, what is 2 - -13c2a68a?
13c2a68c
In base 11, what is -1276 + 2543?
1278
In base 5, what is -12020042132 - -2?
-12020042130
In base 6, what is 12 + -55000535?
-55000523
In base 4, what is -113 + -1200211223?
-1200212002
In base 10, what is 2253 + -26188?
-23935
In base 6, what is 24044 - 24255?
-211
In base 3, what is -1121021101100 + 2201?
-1121021021122
In base 12, what is 102 - 45b5a?
-45a58
In base 3, what is -12 - -11220000021011?
11220000020222
In base 14, what is -340d4 - 127?
-3421b
In base 9, what is -56350 - 175?
-56535
In base 8, what is -5 - 57674774?
-57675001
In base 3, what is -12 - 202012111101110121?
-202012111101110210
In base 3, what is 12001021 + 121020?
12122111
In base 8, what is 216753 + 10132?
227105
In base 9, what is -1310863 + -7?
-1310871
In base 7, what is -12611561 + -144?
-12612035
In base 5, what is -23412 + 14223232?
14144320
In base 8, what is 60705266 - 6?
60705260
In base 14, what is -8d62 - -d84?
-7dbc
In base 5, what is -14123020342 + 2?
-14123020340
In base 3, what is 11 + -11211011222202?
-11211011222121
In base 16, what is -233 - c20d?
-c440
In base 16, what is 54 + -269227?
-2691d3
In base 3, what is -1110110100222020 + 0?
-1110110100222020
In base 7, what is 313533 - -3066?
316632
In base 7, what is -1063611 + -1226?
-1065140
In base 8, what is 312 - -23421?
23733
In base 15, what is -5 - -12a84c2?
12a84bc
In base 12, what is -103 + 82b8b?
82a88
In base 5, what is 1 - -30332221320?
30332221321
In base 6, what is 10221404 + -435?
10220525
In base 15, what is 183487 + 4?
18348b
In base 5, what is -2 - 3423113234?
-3423113241
In base 13, what is -33 + -42ba46?
-42ba79
In base 13, what is 69350 + 2?
69352
In base 16, what is -12 + -5c9f0d?
-5c9f1f
In base 2, what is 1010110100111001 + -101110001?
1010101111001000
In base 11, what is -66521 + -738?
-67159
In base 9, what is -736643812 - 5?
-736643817
In base 2, what is 1000000111101 - -1111110000?
1010000101101
In base 11, what is 4a37018 - 2?
4a37016
In base 4, what is 23233200133011 - 11?
23233200133000
In base 9, what is 33731780 + 3?
33731783
In base 14, what is -5871a357 + -5?
-5871a35c
In base 13, what is a7 + -5a873?
-5a799
In base 12, what is -a21 + 17981?
16b60
In base 14, what is 4841 + -444c?
3d3
In base 13, what is 382a4b - -7?
382a55
In base 8, what is -50250 + -7203?
-57453
In base 10, what is 2729997 - 5?
2729992
In base 2, what is -11 - 111001101101001101100?
-111001101101001101111
In base 15, what is -1c - 6cacc8?
-6cace5
In base 13, what is 109ab893 - -2?
109ab895
In base 6, what is -145250 + -3?
-145253
In base 11, what is 3923 - 1911?
2012
In base 14, what is 4ba - -1624?
1b00
In base 14, what is -707 + 144bb0?
1444a7
In base 16, what is -2e602e8 - -4?
-2e602e4
In base 4, what is -112303033202310 - 0?
-112303033202310
In base 3, what is -1 - 20201101102022?
-20201101102100
In base 2, what is 1000100101 + -10111100001101000?
-10111011001000011
In base 14, what is 19 + a1042a?
a10445
In base 14, what is 3 + 29c8d0?
29c8d3
In base 11, what is -895 + -8077?
-8961
In base 4, what is 301300 - 120223?
121011
In base 5, what is 430 - 2012030001?
-2012024021
In base 12, what is 16 + -12287?
-12271
In base 10, what is 10770731 + 5?
10770736
In base 7, what is -1 - -521060323?
521060322
In base 10, what is -132555 + 53?
-132502
In base 15, what is -3 + ad57746?
ad57743
In base 11, what is 15 + -509975?
-509960
In base 3, what is -2211012 - -121112211200?
121110000111
In base 10, what is -10826396 - 16?
-10826412
In base 5, what is -313311410 + 1241?
-313310114
In base 7, what is 2261605421 + 1?
2261605422
In base 15, what is -5a4 + 862?
2ad
In base 9, what is -475 + -273746?
-274332
In base 14, what is 27 + -23500?
-234b7
In base 11, what is -1764 - 1a40?
-36a4
In base 10, what is -2 + -232933139?
-232933141
In base 6, what is 1 + -1022101042?
-1022101041
In base 11, what is -131 - 540012?
-540143
In base 5, what is -3020411 - -1304?
-3014102
In base 15, what is 340 - 19dc6?
-19a86
In base 7, what is 413224646 + 5?
413224654
In base 9, what is 40 + -27461?
-27421
In base 13, what is -3 - 125291cc?
-12529202
In base 16, what is -6227c2 - 9?
-6227cb
In base 15, what is -306e + 35?
-3039
In base 2, what is -1100 - -100010101000011001011000110?
100010101000011001010111010
In base 15, what is -4446 - 5e5?
-4a3b
In base 8, what is -24763 - 1157?
-26142
In base 13, what is 902a953 + -4?
902a94c
In base 9, what is 807013 + -24?
806878
In base 9, what is -101 - -252842?
252741
In base 3, what is 1121001 + 12220020120?
12221211121
In base 6, what is -5 - -151213200?
151213151
In base 2, what is 1010001010111000110 - -111001101011?
1010010010000110001
In base 6, what is 134 - 44100521?
-44100343
In base 7, what is 5 + 1226242544?
1226242552
In base 6, what is 510 - 13414151?
-13413241
In base 3, what is 110002 - -211221010?
212101012
In base 6, what is -220322 + 203554?
-12324
In base 11, what is 431 + -13009?
-12688
In base 15, what is -18 - 4480a0?
-4480b8
In base 9, what is 3160576 + 27?
3160614
In base 7, what is 56 - 6432561?
-6432502
In base 15, what is -3 + 2230a0?
22309c
In base 6, what is 13432 + 14433?
32305
In base 16, what is -2aa60 - e?
-2aa6e
In base 14, what is -17 + -3d1085?
-3d109c
In base 8, what is -11217 - 30140?
-41357
In base 8, what is 26132 + 37712?
66044
In base 4, what is 1202103203 - 320030?
1201123113
In base 13, what is 4599c2 + 2?
4599c4
In base 7, what is 4 + 131045065?
131045102
In base 7, what is 21100 - 161163?
-140063
In base 11, what is -13 + -5247315?
-5247328
In base 4, what is 111322011122 + -11?
111322011111
In base 12, what is -46a7 - 3a8?
-4a93
In base 10, what is -10 + 521956?
521946
In base 16, what is -47eec3 + -4?
-47eec7
In base 4, what is 101213332 - 11?
101213321
In base 16, what is 25d439a + 3?
25d439d
In base 14, what is 2105c + 48?
210a6
In base 13, what is 720a049 + -1?
720a048
In base 6, what is -23240104 + -12?
-23240120
In base 4, what is 10331220 + 2202?
11000022
In base 5, what is -3240204311 + -4?
-3240204320
In base 5, 